{"id":60,"date":"2016-09-23T02:47:44","date_gmt":"2016-09-23T02:47:44","guid":{"rendered":"http:\/\/ensy.no\/se\/?page_id=60"},"modified":"2019-08-30T05:29:44","modified_gmt":"2019-08-30T05:29:44","slug":"varfor-behovsstyr-ventilation","status":"publish","type":"page","link":"https:\/\/ensy.no\/se\/behovsstyr-ventilation\/varfor-behovsstyr-ventilation\/","title":{"rendered":"Varf\u00f6r behovsstyr ventilation"},"content":{"rendered":"<h2>T\u00e4nker du p\u00e5 varf\u00f6r du ska ventilera ditt boende?<\/h2>\n<p>Det \u00e4r i huvudsak tv\u00e5 anledningar till varf\u00f6r vi beh\u00f6ver ventilera:<\/p>\n<h4>1. Tillf\u00f6ra ren, frisk luft som f\u00f6rb\u00e4ttrar milj\u00f6n i ditt boende och ger dig ett st\u00f6rre v\u00e4lbefinnande.<\/h4>\n<p>De nya bostadsenheterna \u00e4r l\u00e4ckagetestade i enlighet med byggf\u00f6reskrifterna vilket g\u00f6r att luftutbytet sker genom balanserad ventilation.<\/p>\n<h4>2. F\u00f6rhindra m\u00f6gel och fuktskador.<\/h4>\n<p>Eftersom alla nya bost\u00e4der \u00e4r t\u00e4ta, \u00e4r det viktigt att ventilera i samtliga rum s\u00e5 att inte fukt kan bildas och f\u00e5r f\u00e4ste i byggnadsmateriel. Detta kan i sin tur leda till m\u00f6gelp\u00e5v\u00e4xt och r\u00f6tskador.<br \/>\nDessutom finns det stora m\u00f6jligheter att anpassa till din egna innemilj\u00f6. Man kan till exempel forcera fr\u00e5nluft i v\u00e5tutrymmen med fuktgivare d\u00e5 de anv\u00e4nds, vid eldning i \u00f6ppen spis kan man forcera tilluft, styra p\u00e5 CO2 koncentration samt anv\u00e4nda ett \u201dborta\u201d l\u00e4ge f\u00f6r att spara energi.<\/p>\n<h2>Hur anv\u00e4nds behovsstyrd ventilation?<\/h2>\n<p>Behovsstyrd ventilation anv\u00e4nds med f\u00f6rdel i alla boenden.<\/p>\n<p>Anv\u00e4nd forcerad tilluft vid eldning med ved.<br \/>\nAnv\u00e4nd forcerad fr\u00e5nluft i v\u00e5trum d\u00e5 dessa \u00e4r i bruk.<br \/>\nAnv\u00e4nd forcerad tilluft i rum d\u00e4r m\u00e5nga personer vistas och CO2 koncentrationen \u00e4r h\u00f6g.<br \/>\nMin ventilation och reducerat energibehov d\u00e5 du \u00e4r borta.<\/p>\n<p>Detta \u00e4r exempel p\u00e5 funktioner som \u00e4r integrerade samt ytterligare n\u00e5gra fr\u00e5n fabrik i styrningen p\u00e5 Ensy AHU.<\/p>\n","protected":false},"excerpt":{"rendered":"<p>T\u00e4nker du p\u00e5 varf\u00f6r du ska ventilera ditt boende? Det \u00e4r i huvudsak tv\u00e5 anledningar till varf\u00f6r vi beh\u00f6ver ventilera: 1. Tillf\u00f6ra ren, frisk luft som f\u00f6rb\u00e4ttrar milj\u00f6n i ditt boende och ger dig ett st\u00f6rre v\u00e4lbefinnande. De nya bostadsenheterna \u00e4r l\u00e4ckagetestade i enlighet med byggf\u00f6reskrifterna vilket g\u00f6r att luftutbytet sker genom balanserad ventilation. 2. [&hellip;]<\/p>\n","protected":false},"author":1,"featured_media":0,"parent":57,"menu_order":0,"comment_status":"closed","ping_status":"closed","template":"page-templates\/page-sidebar.php","meta":{"footnotes":""},"acf":[],"_links":{"self":[{"href":"https:\/\/ensy.no\/se\/wp-json\/wp\/v2\/pages\/60"}],"collection":[{"href":"https:\/\/ensy.no\/se\/wp-json\/wp\/v2\/pages"}],"about":[{"href":"https:\/\/ensy.no\/se\/wp-json\/wp\/v2\/types\/page"}],"author":[{"embeddable":true,"href":"https:\/\/ensy.no\/se\/wp-json\/wp\/v2\/users\/1"}],"replies":[{"embeddable":true,"href":"https:\/\/ensy.no\/se\/wp-json\/wp\/v2\/comments?post=60"}],"version-history":[{"count":7,"href":"https:\/\/ensy.no\/se\/wp-json\/wp\/v2\/pages\/60\/revisions"}],"predecessor-version":[{"id":588,"href":"https:\/\/ensy.no\/se\/wp-json\/wp\/v2\/pages\/60\/revisions\/588"}],"up":[{"embeddable":true,"href":"https:\/\/ensy.no\/se\/wp-json\/wp\/v2\/pages\/57"}],"wp:attachment":[{"href":"https:\/\/ensy.no\/se\/wp-json\/wp\/v2\/media?parent=60"}],"curies":[{"name":"wp","href":"https:\/\/api.w.org\/{rel}","templated":true}]}}

Varför behovsstyr ventilation

<h2>Tänker du på varför du ska ventilera ditt boende?</h2>
<p>Det är i huvudsak två anledningar till varför vi behöver ventilera:</p>
<h4>1. Tillföra ren, frisk luft som förbättrar miljön i ditt boende och ger dig ett större välbefinnande.</h4>
<p>De nya bostadsenheterna är läckagetestade i enlighet med byggföreskrifterna vilket gör att luftutbytet sker genom balanserad ventilation.</p>
<h4>2. Förhindra mögel och fuktskador.</h4>
<p>Eftersom alla nya bostäder är täta, är det viktigt att ventilera i samtliga rum så att inte fukt kan bildas och får fäste i byggnadsmateriel. Detta kan i sin tur leda till mögelpåväxt och rötskador.<br />
Dessutom finns det stora möjligheter att anpassa till din egna innemiljö. Man kan till exempel forcera frånluft i våtutrymmen med fuktgivare då de används, vid eldning i öppen spis kan man forcera tilluft, styra på CO2 koncentration samt använda ett ”borta” läge för att spara energi.</p>
<h2>Hur används behovsstyrd ventilation?</h2>
<p>Behovsstyrd ventilation används med fördel i alla boenden.</p>
<p>Använd forcerad tilluft vid eldning med ved.<br />
Använd forcerad frånluft i våtrum då dessa är i bruk.<br />
Använd forcerad tilluft i rum där många personer vistas och CO2 koncentrationen är hög.<br />
Min ventilation och reducerat energibehov då du är borta.</p>
<p>Detta är exempel på funktioner som är integrerade samt ytterligare några från fabrik i styrningen på Ensy AHU.</p>

<p>Tänker du på varför du ska ventilera ditt boende? Det är i huvudsak två anledningar till varför vi behöver ventilera: 1. Tillföra ren, frisk luft som förbättrar miljön i ditt boende och ger dig ett större välbefinnande. De nya bostadsenheterna är läckagetestade i enlighet med byggföreskrifterna vilket gör att luftutbytet sker genom balanserad ventilation. 2. [&hellip;]</p>
