{"id":60,"date":"2016-09-23T02:47:44","date_gmt":"2016-09-23T02:47:44","guid":{"rendered":"http:\/\/ensy.no\/ro\/?page_id=60"},"modified":"2022-12-16T10:24:52","modified_gmt":"2022-12-16T10:24:52","slug":"why-demand-controlled-ventilation","status":"publish","type":"page","link":"https:\/\/ensy.no\/ro\/demand-controlled-ventilation\/why-demand-controlled-ventilation\/","title":{"rendered":"De ce ventila\u021bie controlat\u0103"},"content":{"rendered":"<h2>V\u0103 \u00eentreba\u021bi de ce ar trebui s\u0103 v\u0103 ventila\u021bi locuin\u021ba?<\/h2>\n<p>Exist\u0103 dou\u0103 motive principale pentru care trebuie s\u0103 ventil\u0103m:<\/p>\n<h4>1. Aport de aer proasp\u0103t curat care \u00eembun\u0103t\u0103\u021be\u0219te mediul \u00een spa\u021biul de locuit, oferindu-v\u0103 o stare de mai bine.<\/h4>\n<p>Locuin\u021bele noi sunt testate pentru pierderi \u00een conformitate cu reglement\u0103rile cl\u0103dirilor, ceea ce \u00eenseamn\u0103 c\u0103 trebuie s\u0103 \u00eenlocui\u021bi aerul printr-o ventila\u021bie mecanic\u0103 echilibrat\u0103.<\/p>\n<h4>2. Prevenirea mucegaiului \u0219i a umezelii.<\/h4>\n<p>Cum toate locuin\u021bele noi sunt etan\u0219e, este esen\u021bial s\u0103 ave\u021bi camere ventilate, ca s\u0103 nu se formeze umezeal\u0103, care duce la mucegai \u0219i putregai.<\/p>\n<p>\u00cen plus, posibilit\u0103\u021bile sunt excelente pentru personalizarea mediului construit. De exemplu: extragerea umidit\u0103\u021bii din baie sau buc\u0103t\u0103rie \u00een timpul utiliz\u0103rii, accelerarea aliment\u0103rii cu aer \u00een \u00eenc\u0103perile cu \u0219eminee cu focul aprins, evacuare for\u021bat\u0103 a spa\u021biului la o anumit\u0103 satura\u021bie de CO2, minimalizarea ventila\u021biei folosind func\u021bia \u201eplecat\u201d etc.<\/p>\n<h2>Unde se utilizeaz\u0103 ventila\u021bia controlat\u0103 ?<\/h2>\n<p>Ventila\u021bia controat\u0103 va fi o solu\u021bie practic\u0103 \u00een toate locuin\u021bele.<\/p>\n<p>Alimentare for\u021bat\u0103 cu aer c\u00e2nd folosi\u021bi \u0219eminee moderne pe lemn.<\/p>\n<p>Extrac\u021bie for\u021bat\u0103 a aburului din baie sau buc\u0103t\u0103rie \u00een timpul utiliz\u0103rii.<\/p>\n<p>Evacuare for\u021bat\u0103 \u0219i alimentare cu aer \u00een \u00eenc\u0103perile cu multe persoane \u0219i la o satura\u021bie ridicat\u0103 de CO2.<\/p>\n<p>Ventila\u021bie si consum de energie redus c\u00e2t timp sunte\u021bi pleca\u021bi de acas\u0103.<\/p>\n<p>Aceste exemple \u0219i multe altele sunt integrate \u00een controlerul pentru Ensy AHU.<\/p>\n","protected":false},"excerpt":{"rendered":"<p>V\u0103 \u00eentreba\u021bi de ce ar trebui s\u0103 v\u0103 ventila\u021bi locuin\u021ba? Exist\u0103 dou\u0103 motive principale pentru care trebuie s\u0103 ventil\u0103m: 1. Aport de aer proasp\u0103t curat care \u00eembun\u0103t\u0103\u021be\u0219te mediul \u00een spa\u021biul de locuit, oferindu-v\u0103 o stare de mai bine. Locuin\u021bele noi sunt testate pentru pierderi \u00een conformitate cu reglement\u0103rile cl\u0103dirilor, ceea ce \u00eenseamn\u0103 c\u0103 trebuie s\u0103 [&hellip;]<\/p>\n","protected":false},"author":1,"featured_media":0,"parent":57,"menu_order":0,"comment_status":"closed","ping_status":"closed","template":"page-templates\/page-sidebar.php","meta":{"footnotes":""},"acf":[],"_links":{"self":[{"href":"https:\/\/ensy.no\/ro\/wp-json\/wp\/v2\/pages\/60"}],"collection":[{"href":"https:\/\/ensy.no\/ro\/wp-json\/wp\/v2\/pages"}],"about":[{"href":"https:\/\/ensy.no\/ro\/wp-json\/wp\/v2\/types\/page"}],"author":[{"embeddable":true,"href":"https:\/\/ensy.no\/ro\/wp-json\/wp\/v2\/users\/1"}],"replies":[{"embeddable":true,"href":"https:\/\/ensy.no\/ro\/wp-json\/wp\/v2\/comments?post=60"}],"version-history":[{"count":7,"href":"https:\/\/ensy.no\/ro\/wp-json\/wp\/v2\/pages\/60\/revisions"}],"predecessor-version":[{"id":751,"href":"https:\/\/ensy.no\/ro\/wp-json\/wp\/v2\/pages\/60\/revisions\/751"}],"up":[{"embeddable":true,"href":"https:\/\/ensy.no\/ro\/wp-json\/wp\/v2\/pages\/57"}],"wp:attachment":[{"href":"https:\/\/ensy.no\/ro\/wp-json\/wp\/v2\/media?parent=60"}],"curies":[{"name":"wp","href":"https:\/\/api.w.org\/{rel}","templated":true}]}}

De ce ventilație controlată

<h2>Vă întrebați de ce ar trebui să vă ventilați locuința?</h2>
<p>Există două motive principale pentru care trebuie să ventilăm:</p>
<h4>1. Aport de aer proaspăt curat care îmbunătățește mediul în spațiul de locuit, oferindu-vă o stare de mai bine.</h4>
<p>Locuințele noi sunt testate pentru pierderi în conformitate cu reglementările clădirilor, ceea ce înseamnă că trebuie să înlocuiți aerul printr-o ventilație mecanică echilibrată.</p>
<h4>2. Prevenirea mucegaiului și a umezelii.</h4>
<p>Cum toate locuințele noi sunt etanșe, este esențial să aveți camere ventilate, ca să nu se formeze umezeală, care duce la mucegai și putregai.</p>
<p>În plus, posibilitățile sunt excelente pentru personalizarea mediului construit. De exemplu: extragerea umidității din baie sau bucătărie în timpul utilizării, accelerarea alimentării cu aer în încăperile cu șeminee cu focul aprins, evacuare forțată a spațiului la o anumită saturație de CO2, minimalizarea ventilației folosind funcția „plecat” etc.</p>
<h2>Unde se utilizează ventilația controlată ?</h2>
<p>Ventilația controată va fi o soluție practică în toate locuințele.</p>
<p>Alimentare forțată cu aer când folosiți șeminee moderne pe lemn.</p>
<p>Extracție forțată a aburului din baie sau bucătărie în timpul utilizării.</p>
<p>Evacuare forțată și alimentare cu aer în încăperile cu multe persoane și la o saturație ridicată de CO2.</p>
<p>Ventilație si consum de energie redus cât timp sunteți plecați de acasă.</p>
<p>Aceste exemple și multe altele sunt integrate în controlerul pentru Ensy AHU.</p>

<p>Vă întrebați de ce ar trebui să vă ventilați locuința? Există două motive principale pentru care trebuie să ventilăm: 1. Aport de aer proaspăt curat care îmbunătățește mediul în spațiul de locuit, oferindu-vă o stare de mai bine. Locuințele noi sunt testate pentru pierderi în conformitate cu reglementările clădirilor, ceea ce înseamnă că trebuie să [&hellip;]</p>
